{"id":2030,"date":"2012-03-16T17:24:21","date_gmt":"2012-03-16T19:24:21","guid":{"rendered":"http:\/\/bibliobelas.wordpress.com\/?page_id=2030"},"modified":"2023-02-10T18:46:03","modified_gmt":"2023-02-10T21:46:03","slug":"acesso-a-rede-sem-fio-da-ufmg-wifi","status":"publish","type":"page","link":"https:\/\/bibliobelas.eba.ufmg.br\/index.php\/servicos\/acesso-a-rede-sem-fio-da-ufmg-wifi\/","title":{"rendered":"Acesso \u00e0 rede sem fio da UFMG (Wifi)"},"content":{"rendered":"\n<p class=\"has-text-align-justify\">O wi-fi \u00e9 acess\u00edvel para membros da comunidade UFMG, com a utiliza\u00e7\u00e3o do cadastro do MinhaUFMG; <\/p>\n\n\n\n<p class=\"has-text-align-justify\">e tamb\u00e9m \u00e9 disponibilizado o\u00a0<a href=\"http:\/\/www.eduroam.org\/\">eduroam<\/a>\u00a0(<em>educational roaming<\/em>), que \u00e9 um servi\u00e7o que prov\u00ea acesso sem fio seguro \u00e0 internet para membros das institui\u00e7\u00f5es de educa\u00e7\u00e3o e pesquisa em todo o mundo que participam do projeto.<\/p>\n\n\n\n<p>Para instru\u00e7\u00f5es de configura\u00e7\u00f5es de rede para os variados tipos de dispositivos, clique na imagem abaixo ou no link <a href=\"http:\/\/www.redesemfio.ufmg.br\">http:\/\/www.redesemfio.ufmg.br<\/a><\/p>\n\n\n<div class=\"wp-block-image\">\n<figure class=\"aligncenter\"><a href=\"http:\/\/www.redesemfio.ufmg.br\"><img decoding=\"async\" src=\"https:\/\/bibliobelas.eba.ufmg.br\/wp-content\/uploads\/2012\/03\/logo-rede-sem-fio.png\" alt=\"\"\/><\/a><\/figure>\n<\/div>","protected":false},"excerpt":{"rendered":"<p>O wi-fi \u00e9 acess\u00edvel para membros da comunidade UFMG, com a utiliza\u00e7\u00e3o do cadastro do MinhaUFMG; e tamb\u00e9m \u00e9 disponibilizado o\u00a0eduroam\u00a0(educational roaming), que \u00e9 um servi\u00e7o que prov\u00ea acesso sem fio seguro \u00e0 internet para membros das institui\u00e7\u00f5es de educa\u00e7\u00e3o e pesquisa em todo o mundo que participam do projeto. Para instru\u00e7\u00f5es de configura\u00e7\u00f5es de &hellip; <a href=\"https:\/\/bibliobelas.eba.ufmg.br\/index.php\/servicos\/acesso-a-rede-sem-fio-da-ufmg-wifi\/\" class=\"more-link\">Continue lendo <span class=\"screen-reader-text\">Acesso \u00e0 rede sem fio da UFMG (Wifi)<\/span> <span class=\"meta-nav\">&rarr;<\/span><\/a><\/p>\n","protected":false},"author":1,"featured_media":0,"parent":36,"menu_order":9,"comment_status":"open","ping_status":"open","template":"","meta":{"footnotes":""},"class_list":["post-2030","page","type-page","status-publish","hentry"],"_links":{"self":[{"href":"https:\/\/bibliobelas.eba.ufmg.br\/index.php\/wp-json\/wp\/v2\/pages\/2030","targetHints":{"allow":["GET"]}}],"collection":[{"href":"https:\/\/bibliobelas.eba.ufmg.br\/index.php\/wp-json\/wp\/v2\/pages"}],"about":[{"href":"https:\/\/bibliobelas.eba.ufmg.br\/index.php\/wp-json\/wp\/v2\/types\/page"}],"author":[{"embeddable":true,"href":"https:\/\/bibliobelas.eba.ufmg.br\/index.php\/wp-json\/wp\/v2\/users\/1"}],"replies":[{"embeddable":true,"href":"https:\/\/bibliobelas.eba.ufmg.br\/index.php\/wp-json\/wp\/v2\/comments?post=2030"}],"version-history":[{"count":4,"href":"https:\/\/bibliobelas.eba.ufmg.br\/index.php\/wp-json\/wp\/v2\/pages\/2030\/revisions"}],"predecessor-version":[{"id":7651,"href":"https:\/\/bibliobelas.eba.ufmg.br\/index.php\/wp-json\/wp\/v2\/pages\/2030\/revisions\/7651"}],"up":[{"embeddable":true,"href":"https:\/\/bibliobelas.eba.ufmg.br\/index.php\/wp-json\/wp\/v2\/pages\/36"}],"wp:attachment":[{"href":"https:\/\/bibliobelas.eba.ufmg.br\/index.php\/wp-json\/wp\/v2\/media?parent=2030"}],"curies":[{"name":"wp","href":"https:\/\/api.w.org\/{rel}","templated":true}]}}

Acesso à rede sem fio da UFMG (Wifi)

<p class="has-text-align-justify">O wi-fi é acessível para membros da comunidade UFMG, com a utilização do cadastro do MinhaUFMG; </p>



<p class="has-text-align-justify">e também é disponibilizado o <a href="http://www.eduroam.org/">eduroam</a> (<em>educational roaming</em>), que é um serviço que provê acesso sem fio seguro à internet para membros das instituições de educação e pesquisa em todo o mundo que participam do projeto.</p>



<p>Para instruções de configurações de rede para os variados tipos de dispositivos, clique na imagem abaixo ou no link <a href="http://www.redesemfio.ufmg.br">http://www.redesemfio.ufmg.br</a></p>


<div class="wp-block-image">
<figure class="aligncenter"><a href="http://www.redesemfio.ufmg.br"><img decoding="async" src="https://bibliobelas.eba.ufmg.br/wp-content/uploads/2012/03/logo-rede-sem-fio.png" alt=""/></a></figure>
</div>

<p>O wi-fi é acessível para membros da comunidade UFMG, com a utilização do cadastro do MinhaUFMG; e também é disponibilizado o eduroam (educational roaming), que é um serviço que provê acesso sem fio seguro à internet para membros das instituições de educação e pesquisa em todo o mundo que participam do projeto. Para instruções de configurações de &hellip; <a href="https://bibliobelas.eba.ufmg.br/index.php/servicos/acesso-a-rede-sem-fio-da-ufmg-wifi/" class="more-link">Continue lendo <span class="screen-reader-text">Acesso à rede sem fio da UFMG (Wifi)</span> <span class="meta-nav">&rarr;</span></a></p>
