{"id":3290,"date":"2013-12-03T18:54:55","date_gmt":"2013-12-03T20:54:55","guid":{"rendered":"http:\/\/bibliobelas.wordpress.com\/?page_id=3290"},"modified":"2013-12-03T18:54:55","modified_gmt":"2013-12-03T20:54:55","slug":"q-r","status":"publish","type":"page","link":"https:\/\/bibliobelas.eba.ufmg.br\/index.php\/hemeroteca-2\/4073-2\/q-r\/","title":{"rendered":"Q-R"},"content":{"rendered":"<div>\n<p align=\"center\"><b>Q<\/b><\/p>\n<p>QUADROS, J\u00e2nio, 1917-1992<br \/>\nQUIRINO, Ana<br \/>\nQUISSAK J\u00daNIOR, 1935-<\/p>\n<p align=\"center\"><b>R<\/b><\/p>\n<p>RAMOS, Nuno, 1960-<br \/>\nRAMOSA, Edival, 1940-<br \/>\nRANGEL, Eliana, 1944-<br \/>\nPAPHAEL, 1483-1520<br \/>\nRAPOPORT, Alexandre, 1929-<br \/>\nRAUSCHENBERG, Robert, 1925-<br \/>\nRAY, Man, 1890-1976<br \/>\n<a href=\"https:\/\/onedrive.live.com\/redir?resid=44B6AC75CE4FB1E8!3036&amp;authkey=!AKwbLhHH1k2qZYI&amp;ithint=folder%2cjpg\" target=\"_blank\" rel=\"noopener\">REBOLO, 1902-1980<\/a><br \/>\nREIS, Jayme, 1958-<br \/>\nREMBRANDT, 1606-1669<br \/>\nRENATO, Celso, 1919-1992<br \/>\nRENAULT, Cl\u00e1udia, 1952-<br \/>\nRENN\u00d3, Ros\u00e2ngela, 1962-<br \/>\nRENOIR, Auguste, 1841-1919<br \/>\nRESENDE, Jos\u00e9, 1945-<br \/>\nRESENDE, Marco T\u00falio, 1950-<br \/>\nREZENDE, Newton, 1912-1994<br \/>\nRIBEIRO, Fernando Jackson, 1928-<br \/>\nRIBEIRO, Jos\u00e9 Maria<br \/>\nRIBEIRO, Ubirajara, 1930-<br \/>\nRIVERA, Diego, 1886-1957<br \/>\nROCCO, Ant\u00f4nio, 1880-1944<br \/>\nROCHA, P\u00e9ricles, 1948-<br \/>\nROCHA, Pompea Peret Britto da, 1927-<br \/>\nRODA, Issis Martins<br \/>\nRODELN\u00c9GIO, 1928-<br \/>\nRODIN, Auguste, 1840-1917<br \/>\nRODRIGUES, Augusto, 1913-1993<br \/>\nRODRIGUES, Glauco, 1929-<br \/>\nRODRIGUES, H\u00e9lio, 1949-<br \/>\n<a href=\"https:\/\/onedrive.live.com\/redir?resid=44B6AC75CE4FB1E8!3038&amp;authkey=!AKAiu8uY_uUOOYE&amp;ithint=folder%2cJPG\" target=\"_blank\" rel=\"noopener\">RODRIGUES, In\u00e1cio, 1947-<\/a><br \/>\nRODRIGUES, Luiz Oswaldo Carneiro<br \/>\nRODRIGUES, Ubirajara Mendes<br \/>\nROESLER, Inge, 1929-<br \/>\nROLLA, Marco Paulo, 1967-<br \/>\nROSA, Dudi Maia, 1946-<br \/>\nROSA, Gustavo, 1946-<br \/>\n<a href=\"https:\/\/onedrive.live.com\/redir?resid=44B6AC75CE4FB1E8!2437&amp;authkey=!APsaHCLSYWkw1zo&amp;ithint=folder%2cjpg\" target=\"_blank\" rel=\"noopener\">ROS\u00c1RIO, Arthur Bispo do<\/a><br \/>\nROSARIO, Denira, 1937-<br \/>\nROTH, Ot\u00e1vio, 1952-1993<br \/>\nROUAULT, Georges, 1871-1958<br \/>\nROUSSEAU, Henri Julien Felix, 1844-1910<br \/>\nRUBENS, Peter Paul, Sir, 1577-1640<br \/>\nRUGENDAS, Johann Moritz, 1802-1858<\/p>\n<\/div>\n","protected":false},"excerpt":{"rendered":"<p>Q QUADROS, J\u00e2nio, 1917-1992 QUIRINO, Ana QUISSAK J\u00daNIOR, 1935- R RAMOS, Nuno, 1960- RAMOSA, Edival, 1940- RANGEL, Eliana, 1944- PAPHAEL, 1483-1520 RAPOPORT, Alexandre, 1929- RAUSCHENBERG, Robert, 1925- RAY, Man, 1890-1976 REBOLO, 1902-1980 REIS, Jayme, 1958- REMBRANDT, 1606-1669 RENATO, Celso, 1919-1992 RENAULT, Cl\u00e1udia, 1952- RENN\u00d3, Ros\u00e2ngela, 1962- RENOIR, Auguste, 1841-1919 RESENDE, Jos\u00e9, 1945- RESENDE, Marco T\u00falio, &hellip; <a href=\"https:\/\/bibliobelas.eba.ufmg.br\/index.php\/hemeroteca-2\/4073-2\/q-r\/\" class=\"more-link\">Continue lendo <span class=\"screen-reader-text\">Q-R<\/span> <span class=\"meta-nav\">&rarr;<\/span><\/a><\/p>\n","protected":false},"author":1,"featured_media":0,"parent":4073,"menu_order":12,"comment_status":"open","ping_status":"closed","template":"","meta":{"footnotes":""},"class_list":["post-3290","page","type-page","status-publish","hentry"],"_links":{"self":[{"href":"https:\/\/bibliobelas.eba.ufmg.br\/index.php\/wp-json\/wp\/v2\/pages\/3290","targetHints":{"allow":["GET"]}}],"collection":[{"href":"https:\/\/bibliobelas.eba.ufmg.br\/index.php\/wp-json\/wp\/v2\/pages"}],"about":[{"href":"https:\/\/bibliobelas.eba.ufmg.br\/index.php\/wp-json\/wp\/v2\/types\/page"}],"author":[{"embeddable":true,"href":"https:\/\/bibliobelas.eba.ufmg.br\/index.php\/wp-json\/wp\/v2\/users\/1"}],"replies":[{"embeddable":true,"href":"https:\/\/bibliobelas.eba.ufmg.br\/index.php\/wp-json\/wp\/v2\/comments?post=3290"}],"version-history":[{"count":0,"href":"https:\/\/bibliobelas.eba.ufmg.br\/index.php\/wp-json\/wp\/v2\/pages\/3290\/revisions"}],"up":[{"embeddable":true,"href":"https:\/\/bibliobelas.eba.ufmg.br\/index.php\/wp-json\/wp\/v2\/pages\/4073"}],"wp:attachment":[{"href":"https:\/\/bibliobelas.eba.ufmg.br\/index.php\/wp-json\/wp\/v2\/media?parent=3290"}],"curies":[{"name":"wp","href":"https:\/\/api.w.org\/{rel}","templated":true}]}}