{"id":4641,"date":"2017-01-05T09:45:51","date_gmt":"2017-01-05T11:45:51","guid":{"rendered":"https:\/\/bibliobelas.wordpress.com\/?page_id=4641"},"modified":"2017-01-05T09:45:51","modified_gmt":"2017-01-05T11:45:51","slug":"2017-2","status":"publish","type":"page","link":"https:\/\/bibliobelas.eba.ufmg.br\/index.php\/novas-aquisicoes-recentesnovas-aquisicoes-recentesnovas-aquisicoes-recentes\/2010-2\/2017-2\/","title":{"rendered":"2017"},"content":{"rendered":"<div class=\"entry-content\">\n<p>Aquisi\u00e7\u00f5es de 2017:<\/p>\n<p><a href=\"https:\/\/bibliobelas.eba.ufmg.br\/wp-content\/uploads\/2018\/01\/novas_aquisicoes_dezembro_2017_aviso.pdf\" target=\"_blank\" rel=\"noopener\">Dezembro<\/a><\/p>\n<p><a href=\"https:\/\/bibliobelas.eba.ufmg.br\/wp-content\/uploads\/2018\/01\/novas_aquisicoes_novembro_2017.pdf\" target=\"_blank\" rel=\"noopener\">Novembro<\/a><\/p>\n<p><a href=\"https:\/\/bibliobelas.eba.ufmg.br\/wp-content\/uploads\/2017\/11\/novas_aquisicoes_outubro_20171.pdf\" target=\"_blank\" rel=\"noopener\">Outubro<\/a><\/p>\n<p><a href=\"https:\/\/bibliobelas.eba.ufmg.br\/wp-content\/uploads\/2017\/10\/novas_aquisicoes_setembro_2017.pdf\" target=\"_blank\" rel=\"noopener\">Setembro<\/a><\/p>\n<p><a href=\"https:\/\/bibliobelas.eba.ufmg.br\/wp-content\/uploads\/2017\/09\/novas_aquisicoes_agosto_2017.pdf\" target=\"_blank\" rel=\"noopener\">Agosto<\/a><\/p>\n<p><a href=\"https:\/\/bibliobelas.eba.ufmg.br\/wp-content\/uploads\/2017\/08\/novas_aquisicoes_julho_2017_v2.pdf\" target=\"_blank\" rel=\"noopener\">Julho<\/a><\/p>\n<p><a href=\"https:\/\/bibliobelas.eba.ufmg.br\/wp-content\/uploads\/2017\/07\/novasaquisicoesjunho.pdf\" target=\"_blank\" rel=\"noopener\">Junho<\/a><\/p>\n<p><a href=\"https:\/\/bibliobelas.eba.ufmg.br\/wp-content\/uploads\/2017\/06\/novas_aquisicoes_maio_2017.pdf\" target=\"_blank\" rel=\"noopener\">Maio<\/a><\/p>\n<p><a href=\"https:\/\/bibliobelas.eba.ufmg.br\/wp-content\/uploads\/2017\/05\/novas_aquisicoes_abril_20171.pdf\" target=\"_blank\" rel=\"noopener noreferrer\">Abril<\/a><\/p>\n<p><a href=\"https:\/\/bibliobelas.eba.ufmg.br\/wp-content\/uploads\/2017\/04\/novas_aquisicoes_marco_2017.pdf\" target=\"_blank\" rel=\"noopener noreferrer\">Mar\u00e7o<\/a><\/p>\n<p><a href=\"https:\/\/bibliobelas.eba.ufmg.br\/wp-content\/uploads\/2017\/03\/novas_aquisicoes_fevereiro_2017.pdf\" target=\"_blank\" rel=\"noopener noreferrer\">Fevereiro<\/a><\/p>\n<p><a href=\"https:\/\/bibliobelas.eba.ufmg.br\/wp-content\/uploads\/2017\/02\/novas_aquisicoes_janeiro_20171.pdf\" target=\"_blank\" rel=\"noopener noreferrer\">Janeiro<\/a><\/p>\n<\/div>\n<div class=\"entry-content\"><\/div>\n","protected":false},"excerpt":{"rendered":"<p>Aquisi\u00e7\u00f5es de 2017: Dezembro Novembro Outubro Setembro Agosto Julho Junho Maio Abril Mar\u00e7o Fevereiro Janeiro<\/p>\n","protected":false},"author":1,"featured_media":0,"parent":495,"menu_order":102,"comment_status":"closed","ping_status":"closed","template":"","meta":{"footnotes":""},"class_list":["post-4641","page","type-page","status-publish","hentry"],"_links":{"self":[{"href":"https:\/\/bibliobelas.eba.ufmg.br\/index.php\/wp-json\/wp\/v2\/pages\/4641","targetHints":{"allow":["GET"]}}],"collection":[{"href":"https:\/\/bibliobelas.eba.ufmg.br\/index.php\/wp-json\/wp\/v2\/pages"}],"about":[{"href":"https:\/\/bibliobelas.eba.ufmg.br\/index.php\/wp-json\/wp\/v2\/types\/page"}],"author":[{"embeddable":true,"href":"https:\/\/bibliobelas.eba.ufmg.br\/index.php\/wp-json\/wp\/v2\/users\/1"}],"replies":[{"embeddable":true,"href":"https:\/\/bibliobelas.eba.ufmg.br\/index.php\/wp-json\/wp\/v2\/comments?post=4641"}],"version-history":[{"count":0,"href":"https:\/\/bibliobelas.eba.ufmg.br\/index.php\/wp-json\/wp\/v2\/pages\/4641\/revisions"}],"up":[{"embeddable":true,"href":"https:\/\/bibliobelas.eba.ufmg.br\/index.php\/wp-json\/wp\/v2\/pages\/495"}],"wp:attachment":[{"href":"https:\/\/bibliobelas.eba.ufmg.br\/index.php\/wp-json\/wp\/v2\/media?parent=4641"}],"curies":[{"name":"wp","href":"https:\/\/api.w.org\/{rel}","templated":true}]}}