{"id":4810,"date":"2017-06-21T16:50:07","date_gmt":"2017-06-21T18:50:07","guid":{"rendered":"https:\/\/bibliobelas.wordpress.com\/?page_id=4810"},"modified":"2025-03-10T16:21:36","modified_gmt":"2025-03-10T19:21:36","slug":"emissao-de-carteira-unica","status":"publish","type":"page","link":"https:\/\/bibliobelas.eba.ufmg.br\/index.php\/servicos\/emissao-de-carteira-unica\/","title":{"rendered":"Emiss\u00e3o da Carteira de Identifica\u00e7\u00e3o Estudantil (CIE) &#8211; UFMG"},"content":{"rendered":"<div class=\"wp-block-image\">\n<figure class=\"aligncenter size-large\"><a href=\"https:\/\/bibliobelas.eba.ufmg.br\/wp-content\/uploads\/2022\/04\/screen-shot-09-04-22-at-02-16-07-am.jpg\"><img loading=\"lazy\" decoding=\"async\" width=\"361\" height=\"227\" src=\"https:\/\/bibliobelas.eba.ufmg.br\/wp-content\/uploads\/2022\/04\/screen-shot-09-04-22-at-02-16-07-am.jpg?w=361\" alt=\"\" class=\"wp-image-7051\" srcset=\"https:\/\/bibliobelas.eba.ufmg.br\/wp-content\/uploads\/2022\/04\/screen-shot-09-04-22-at-02-16-07-am.jpg 361w, https:\/\/bibliobelas.eba.ufmg.br\/wp-content\/uploads\/2022\/04\/screen-shot-09-04-22-at-02-16-07-am-300x189.jpg 300w\" sizes=\"auto, (max-width: 361px) 100vw, 361px\" \/><\/a><figcaption class=\"wp-element-caption\"><em>Carteira de estudante UFMG<\/em><\/figcaption><\/figure>\n<\/div>\n\n\n<h1 class=\"wp-block-heading has-text-align-center\"><strong><mark style=\"background-color:rgba(0, 0, 0, 0);color:#f10505;\" class=\"has-inline-color\">Instru\u00e7\u00f5es:<\/mark><\/strong><\/h1>\n\n\n\n<p class=\"has-text-align-justify\">\u25ba Para a realiza\u00e7\u00e3o de Empr\u00e9stimos de Material na Biblioteca e uso dos escaninhos, \u00e9 imprescind\u00edvel a apresenta\u00e7\u00e3o da Carteira de Identifica\u00e7\u00e3o Estudantil (CIE), de acordo com o Regulamento do Sistema de Bibliotecas.<\/p>\n\n\n\n<p class=\"has-text-align-justify\">\u25ba Para solicitar o Crach\u00e1 de Identifica\u00e7\u00e3o Estudantil, o aluno deve enviar para o e mail <a href=\"mailto:cracha@pra.ufmg.br\">cracha@pra.ufmg.br<\/a> os seguintes dados : Nome completo; CPF; N\u00famero de registro UFMG; Pr\u00e9dio\/Unidade; Foto 3 \u00d7 4 em formato jpg ou png (com fundo claro, sem bon\u00e9) e C\u00f3pia do documento de identifica\u00e7\u00e3o.<\/p>\n\n\n\n<p><br>\u25ba A retirada do Crach\u00e1 \u00e9 na Pra\u00e7a de Servi\u00e7os da UFMG nas seguintes datas e hor\u00e1rios :<\/p>\n\n\n\n<p>11 a 13\/03\/25<\/p>\n\n\n\n<p>11 e 12\/03 &#8211; 9h \u00e0s 16h30<\/p>\n\n\n\n<p>13\/03 &#8211; 13h \u00e0s 19h<\/p>\n\n\n\n<p class=\"has-text-align-justify\">\u25ba O desbloqueio do Crach\u00e1 \u00e9 pelo minhaUFMG, no link Meu Crach\u00e1, em seguida \u201cDesbloquear seu crach\u00e1\u201d.<\/p>\n","protected":false},"excerpt":{"rendered":"<p>Instru\u00e7\u00f5es: \u25ba Para a realiza\u00e7\u00e3o de Empr\u00e9stimos de Material na Biblioteca e uso dos escaninhos, \u00e9 imprescind\u00edvel a apresenta\u00e7\u00e3o da Carteira de Identifica\u00e7\u00e3o Estudantil (CIE), de acordo com o Regulamento do Sistema de Bibliotecas. \u25ba Para solicitar o Crach\u00e1 de Identifica\u00e7\u00e3o Estudantil, o aluno deve enviar para o e mail cracha@pra.ufmg.br os seguintes dados : &hellip; <a href=\"https:\/\/bibliobelas.eba.ufmg.br\/index.php\/servicos\/emissao-de-carteira-unica\/\" class=\"more-link\">Continue lendo <span class=\"screen-reader-text\">Emiss\u00e3o da Carteira de Identifica\u00e7\u00e3o Estudantil (CIE) &#8211; UFMG<\/span> <span class=\"meta-nav\">&rarr;<\/span><\/a><\/p>\n","protected":false},"author":1,"featured_media":0,"parent":36,"menu_order":9,"comment_status":"closed","ping_status":"closed","template":"","meta":{"footnotes":""},"class_list":["post-4810","page","type-page","status-publish","hentry"],"_links":{"self":[{"href":"https:\/\/bibliobelas.eba.ufmg.br\/index.php\/wp-json\/wp\/v2\/pages\/4810","targetHints":{"allow":["GET"]}}],"collection":[{"href":"https:\/\/bibliobelas.eba.ufmg.br\/index.php\/wp-json\/wp\/v2\/pages"}],"about":[{"href":"https:\/\/bibliobelas.eba.ufmg.br\/index.php\/wp-json\/wp\/v2\/types\/page"}],"author":[{"embeddable":true,"href":"https:\/\/bibliobelas.eba.ufmg.br\/index.php\/wp-json\/wp\/v2\/users\/1"}],"replies":[{"embeddable":true,"href":"https:\/\/bibliobelas.eba.ufmg.br\/index.php\/wp-json\/wp\/v2\/comments?post=4810"}],"version-history":[{"count":1,"href":"https:\/\/bibliobelas.eba.ufmg.br\/index.php\/wp-json\/wp\/v2\/pages\/4810\/revisions"}],"predecessor-version":[{"id":8458,"href":"https:\/\/bibliobelas.eba.ufmg.br\/index.php\/wp-json\/wp\/v2\/pages\/4810\/revisions\/8458"}],"up":[{"embeddable":true,"href":"https:\/\/bibliobelas.eba.ufmg.br\/index.php\/wp-json\/wp\/v2\/pages\/36"}],"wp:attachment":[{"href":"https:\/\/bibliobelas.eba.ufmg.br\/index.php\/wp-json\/wp\/v2\/media?parent=4810"}],"curies":[{"name":"wp","href":"https:\/\/api.w.org\/{rel}","templated":true}]}}