{"id":5926,"date":"2021-02-06T20:49:07","date_gmt":"2021-02-06T23:49:07","guid":{"rendered":"https:\/\/bibliobelas.wordpress.com\/?page_id=5926"},"modified":"2021-02-06T20:49:07","modified_gmt":"2021-02-06T23:49:07","slug":"2021-2","status":"publish","type":"page","link":"https:\/\/bibliobelas.eba.ufmg.br\/index.php\/novas-aquisicoes-recentesnovas-aquisicoes-recentesnovas-aquisicoes-recentes\/2010-2\/2021-2\/","title":{"rendered":"2021"},"content":{"rendered":"\n<p>Aquisi\u00e7\u00f5es de 2021:<\/p>\n\n\n\n<p><a rel=\"noreferrer noopener\" href=\"https:\/\/bibliobelas.eba.ufmg.br\/wp-content\/uploads\/2021\/02\/novas_aquisicoes_janeiro_2021.pdf\" target=\"_blank\">Janeiro<\/a><\/p>\n\n\n\n<p><a rel=\"noreferrer noopener\" href=\"https:\/\/bibliobelas.eba.ufmg.br\/wp-content\/uploads\/2021\/03\/novas_aquisicoes_fevereiro_2021.pdf\" target=\"_blank\">Fevereiro<\/a><\/p>\n\n\n\n<p><a rel=\"noreferrer noopener\" href=\"https:\/\/bibliobelas.eba.ufmg.br\/wp-content\/uploads\/2021\/04\/novas_aquisicoes_marco5.pdf\" target=\"_blank\">Mar\u00e7o<\/a><\/p>\n\n\n\n<p><a rel=\"noreferrer noopener\" href=\"https:\/\/bibliobelas.eba.ufmg.br\/wp-content\/uploads\/2021\/05\/novas_aquisicoes_abril_2021.pdf\" target=\"_blank\">Abril<\/a><\/p>\n\n\n\n<p><a rel=\"noreferrer noopener\" href=\"https:\/\/bibliobelas.eba.ufmg.br\/wp-content\/uploads\/2021\/06\/novas_aquisicoes_maio_2021-2.pdf\" target=\"_blank\">Maio<\/a><\/p>\n\n\n\n<p><a rel=\"noreferrer noopener\" href=\"https:\/\/bibliobelas.eba.ufmg.br\/wp-content\/uploads\/2021\/07\/novas_aquisicoes_junho_2021.pdf\" target=\"_blank\">Junho<\/a><\/p>\n\n\n\n<p><a rel=\"noreferrer noopener\" href=\"https:\/\/bibliobelas.eba.ufmg.br\/wp-content\/uploads\/2021\/08\/novas_aquisicoes_julho_2021.pdf\" target=\"_blank\">Julho<\/a><\/p>\n\n\n\n<p><a rel=\"noreferrer noopener\" href=\"https:\/\/bibliobelas.eba.ufmg.br\/wp-content\/uploads\/2021\/09\/novas_aquisicoes_agosto_2021.pdf\" target=\"_blank\">Agosto<\/a><\/p>\n\n\n\n<p><a rel=\"noreferrer noopener\" href=\"https:\/\/bibliobelas.eba.ufmg.br\/wp-content\/uploads\/2021\/10\/novas_aquisicoes_setembro_2021-1.pdf\" target=\"_blank\">Setembro<\/a><\/p>\n\n\n\n<p><a rel=\"noreferrer noopener\" href=\"https:\/\/bibliobelas.eba.ufmg.br\/wp-content\/uploads\/2021\/11\/novas_aquisicoes_outubro_2021.pdf\" target=\"_blank\">Outubro<\/a><\/p>\n\n\n\n<p><a href=\"https:\/\/bibliobelas.eba.ufmg.br\/wp-content\/uploads\/2021\/12\/novas_aquisicoes_novembro_2021-1.pdf\" target=\"_blank\" rel=\"noreferrer noopener\">Novembro<\/a><\/p>\n\n\n\n<p><a href=\"https:\/\/bibliobelas.eba.ufmg.br\/wp-content\/uploads\/2022\/02\/novas_aquisicoes_dezembro_2021-.pdf\" target=\"_blank\" rel=\"noreferrer noopener\">Dezembro<\/a><\/p>\n","protected":false},"excerpt":{"rendered":"<p>Aquisi\u00e7\u00f5es de 2021: Janeiro Fevereiro Mar\u00e7o Abril Maio Junho Julho Agosto Setembro Outubro Novembro Dezembro<\/p>\n","protected":false},"author":1,"featured_media":0,"parent":495,"menu_order":98,"comment_status":"closed","ping_status":"closed","template":"","meta":{"footnotes":""},"class_list":["post-5926","page","type-page","status-publish","hentry"],"_links":{"self":[{"href":"https:\/\/bibliobelas.eba.ufmg.br\/index.php\/wp-json\/wp\/v2\/pages\/5926","targetHints":{"allow":["GET"]}}],"collection":[{"href":"https:\/\/bibliobelas.eba.ufmg.br\/index.php\/wp-json\/wp\/v2\/pages"}],"about":[{"href":"https:\/\/bibliobelas.eba.ufmg.br\/index.php\/wp-json\/wp\/v2\/types\/page"}],"author":[{"embeddable":true,"href":"https:\/\/bibliobelas.eba.ufmg.br\/index.php\/wp-json\/wp\/v2\/users\/1"}],"replies":[{"embeddable":true,"href":"https:\/\/bibliobelas.eba.ufmg.br\/index.php\/wp-json\/wp\/v2\/comments?post=5926"}],"version-history":[{"count":0,"href":"https:\/\/bibliobelas.eba.ufmg.br\/index.php\/wp-json\/wp\/v2\/pages\/5926\/revisions"}],"up":[{"embeddable":true,"href":"https:\/\/bibliobelas.eba.ufmg.br\/index.php\/wp-json\/wp\/v2\/pages\/495"}],"wp:attachment":[{"href":"https:\/\/bibliobelas.eba.ufmg.br\/index.php\/wp-json\/wp\/v2\/media?parent=5926"}],"curies":[{"name":"wp","href":"https:\/\/api.w.org\/{rel}","templated":true}]}}