{"id":640,"date":"2011-03-17T14:34:49","date_gmt":"2011-03-17T16:34:49","guid":{"rendered":"http:\/\/bibliobelas.wordpress.com\/?page_id=640"},"modified":"2023-08-09T15:50:20","modified_gmt":"2023-08-09T18:50:20","slug":"danca","status":"publish","type":"page","link":"https:\/\/bibliobelas.eba.ufmg.br\/index.php\/conteudos-digitais-de-artes\/links-interessantes\/danca\/","title":{"rendered":"Dan\u00e7a"},"content":{"rendered":"<ul>\n<li><a href=\"http:\/\/fid.com.br\/\" target=\"_blank\" rel=\"noopener\">F\u00f3rum Internacional de Dan\u00e7a<\/a><\/li>\n<li><a href=\"http:\/\/www.portaldadanca.com\/\" target=\"_blank\" rel=\"noopener\">Portal da Dan\u00e7a<\/a><\/li>\n<li><a href=\"http:\/\/www.dancabrasil.com.br\/\" target=\"_blank\" rel=\"noopener\">Dan\u00e7a Brasil<\/a><\/li>\n<li><a href=\"http:\/\/premiodesterro.com.br\" target=\"_blank\" rel=\"noopener\">Pr\u00eamio Desterro<\/a><\/li>\n<li><a href=\"http:\/\/www.quasarciadedanca.com.br\" target=\"_blank\" rel=\"noopener\">Quasar Cia de Dan\u00e7a<\/a><\/li>\n<li><a href=\"http:\/\/www.cidadedadanca.com.br\" target=\"_blank\" rel=\"noopener\">Cidade da Dan\u00e7a<\/a><\/li>\n<li><a href=\"http:\/\/idanca.net\/\" target=\"_blank\" rel=\"noopener\">http:\/\/idanca.net<\/a><\/li>\n<li><a href=\"http:\/\/www.conexaodanca.art.br\/\" target=\"_blank\" rel=\"noopener\">http:\/\/www.conexaodanca.art.br<\/a><\/li>\n<li><a href=\"http:\/\/corponafoto.wordpress.com\/\" target=\"_blank\" rel=\"noopener\">http:\/\/corponafoto.wordpress.com<\/a><\/li>\n<li><a href=\"http:\/\/www.luciavillar.com.br\/\" target=\"_blank\" rel=\"noopener\">http:\/\/www.luciavillar.com.br<\/a> (bibliografia de dan\u00e7a brasileira)<\/li>\n<\/ul>\n<p><big><strong>Publica\u00e7\u00f5es <\/strong><\/big><\/p>\n<ul>\n<li><a href=\"http:\/\/www.dancemagazine.com\/\" target=\"_blank\" rel=\"noopener\">http:\/\/www.dancemagazine.com<\/a><\/li>\n<li><a href=\"http:\/\/www.tudoedanca.blogspot.com\/\" target=\"_blank\" rel=\"noopener\">http:\/\/www.tudoedanca.blogspot.com<\/a><\/li>\n<li><a href=\"https:\/\/periodicos.ufba.br\/index.php\/revistadanca\" target=\"_blank\" rel=\"noopener\">https:\/\/periodicos.ufba.br\/index.php\/revistadanca<\/a><\/li>\n<\/ul>\n","protected":false},"excerpt":{"rendered":"<p>F\u00f3rum Internacional de Dan\u00e7a Portal da Dan\u00e7a Dan\u00e7a Brasil Pr\u00eamio Desterro Quasar Cia de Dan\u00e7a Cidade da Dan\u00e7a http:\/\/idanca.net http:\/\/www.conexaodanca.art.br http:\/\/corponafoto.wordpress.com http:\/\/www.luciavillar.com.br (bibliografia de dan\u00e7a brasileira) Publica\u00e7\u00f5es http:\/\/www.dancemagazine.com http:\/\/www.tudoedanca.blogspot.com https:\/\/periodicos.ufba.br\/index.php\/revistadanca<\/p>\n","protected":false},"author":1,"featured_media":0,"parent":37,"menu_order":3,"comment_status":"open","ping_status":"open","template":"","meta":{"footnotes":""},"class_list":["post-640","page","type-page","status-publish","hentry"],"_links":{"self":[{"href":"https:\/\/bibliobelas.eba.ufmg.br\/index.php\/wp-json\/wp\/v2\/pages\/640","targetHints":{"allow":["GET"]}}],"collection":[{"href":"https:\/\/bibliobelas.eba.ufmg.br\/index.php\/wp-json\/wp\/v2\/pages"}],"about":[{"href":"https:\/\/bibliobelas.eba.ufmg.br\/index.php\/wp-json\/wp\/v2\/types\/page"}],"author":[{"embeddable":true,"href":"https:\/\/bibliobelas.eba.ufmg.br\/index.php\/wp-json\/wp\/v2\/users\/1"}],"replies":[{"embeddable":true,"href":"https:\/\/bibliobelas.eba.ufmg.br\/index.php\/wp-json\/wp\/v2\/comments?post=640"}],"version-history":[{"count":5,"href":"https:\/\/bibliobelas.eba.ufmg.br\/index.php\/wp-json\/wp\/v2\/pages\/640\/revisions"}],"predecessor-version":[{"id":7828,"href":"https:\/\/bibliobelas.eba.ufmg.br\/index.php\/wp-json\/wp\/v2\/pages\/640\/revisions\/7828"}],"up":[{"embeddable":true,"href":"https:\/\/bibliobelas.eba.ufmg.br\/index.php\/wp-json\/wp\/v2\/pages\/37"}],"wp:attachment":[{"href":"https:\/\/bibliobelas.eba.ufmg.br\/index.php\/wp-json\/wp\/v2\/media?parent=640"}],"curies":[{"name":"wp","href":"https:\/\/api.w.org\/{rel}","templated":true}]}}

Dança

<ul>
<li><a href="http://fid.com.br/" target="_blank" rel="noopener">Fórum Internacional de Dança</a></li>
<li><a href="http://www.portaldadanca.com/" target="_blank" rel="noopener">Portal da Dança</a></li>
<li><a href="http://www.dancabrasil.com.br/" target="_blank" rel="noopener">Dança Brasil</a></li>
<li><a href="http://premiodesterro.com.br" target="_blank" rel="noopener">Prêmio Desterro</a></li>
<li><a href="http://www.quasarciadedanca.com.br" target="_blank" rel="noopener">Quasar Cia de Dança</a></li>
<li><a href="http://www.cidadedadanca.com.br" target="_blank" rel="noopener">Cidade da Dança</a></li>
<li><a href="http://idanca.net/" target="_blank" rel="noopener">http://idanca.net</a></li>
<li><a href="http://www.conexaodanca.art.br/" target="_blank" rel="noopener">http://www.conexaodanca.art.br</a></li>
<li><a href="http://corponafoto.wordpress.com/" target="_blank" rel="noopener">http://corponafoto.wordpress.com</a></li>
<li><a href="http://www.luciavillar.com.br/" target="_blank" rel="noopener">http://www.luciavillar.com.br</a> (bibliografia de dança brasileira)</li>
</ul>
<p><big><strong>Publicações </strong></big></p>
<ul>
<li><a href="http://www.dancemagazine.com/" target="_blank" rel="noopener">http://www.dancemagazine.com</a></li>
<li><a href="http://www.tudoedanca.blogspot.com/" target="_blank" rel="noopener">http://www.tudoedanca.blogspot.com</a></li>
<li><a href="https://periodicos.ufba.br/index.php/revistadanca" target="_blank" rel="noopener">https://periodicos.ufba.br/index.php/revistadanca</a></li>
</ul>

<p>Fórum Internacional de Dança Portal da Dança Dança Brasil Prêmio Desterro Quasar Cia de Dança Cidade da Dança http://idanca.net http://www.conexaodanca.art.br http://corponafoto.wordpress.com http://www.luciavillar.com.br (bibliografia de dança brasileira) Publicações http://www.dancemagazine.com http://www.tudoedanca.blogspot.com https://periodicos.ufba.br/index.php/revistadanca</p>
