{"id":6538,"date":"2021-12-04T19:59:37","date_gmt":"2021-12-04T22:59:37","guid":{"rendered":"https:\/\/bibliobelas.wordpress.com\/?page_id=6538"},"modified":"2023-02-10T18:06:21","modified_gmt":"2023-02-10T21:06:21","slug":"2022-2","status":"publish","type":"page","link":"https:\/\/bibliobelas.eba.ufmg.br\/index.php\/novas-aquisicoes-recentesnovas-aquisicoes-recentesnovas-aquisicoes-recentes\/2010-2\/2022-2\/","title":{"rendered":"2022"},"content":{"rendered":"\n<p>Aquisi\u00e7\u00f5es de 2022:<\/p>\n\n\n\n<p><a href=\"https:\/\/bibliobelas.eba.ufmg.br\/wp-content\/uploads\/2022\/02\/novas_aquisicoes_janeiro_2022-1.pdf\" target=\"_blank\" rel=\"noreferrer noopener\">Janeiro<\/a><\/p>\n\n\n\n<p><a rel=\"noreferrer noopener\" href=\"https:\/\/bibliobelas.eba.ufmg.br\/wp-content\/uploads\/2022\/03\/novas_aquisicoes_fevereiro_2022.pdf\" target=\"_blank\">Fevereiro<\/a><\/p>\n\n\n\n<p><a rel=\"noreferrer noopener\" href=\"https:\/\/bibliobelas.eba.ufmg.br\/wp-content\/uploads\/2022\/04\/novas_aquisicoes_marco_2022.pdf\" target=\"_blank\">Mar\u00e7o<\/a><\/p>\n\n\n\n<p><a rel=\"noreferrer noopener\" href=\"https:\/\/bibliobelas.eba.ufmg.br\/wp-content\/uploads\/2022\/05\/novas_aquisicoes_abril_2022.pdf\" target=\"_blank\">Abril<\/a><\/p>\n\n\n\n<p><a rel=\"noreferrer noopener\" href=\"https:\/\/bibliobelas.eba.ufmg.br\/wp-content\/uploads\/2022\/07\/novas_aquisicoes_maio_2022.pdf\" target=\"_blank\">Maio<\/a><\/p>\n\n\n\n<p><a rel=\"noreferrer noopener\" href=\"https:\/\/bibliobelas.eba.ufmg.br\/wp-content\/uploads\/2022\/07\/novas_aquisicoes_jun_2022_v2.pdf\" target=\"_blank\">Junho<\/a><\/p>\n\n\n\n<p><a rel=\"noreferrer noopener\" href=\"https:\/\/bibliobelas.eba.ufmg.br\/wp-content\/uploads\/2022\/08\/novas_aquisicoes_jul_2022.pdf\" target=\"_blank\">Julho<\/a><\/p>\n\n\n\n<p><a rel=\"noreferrer noopener\" href=\"https:\/\/bibliobelas.eba.ufmg.br\/wp-content\/uploads\/2022\/09\/novas_aquisicoes_ago_2022-1.pdf\" target=\"_blank\">Agosto<\/a><\/p>\n\n\n\n<p><a rel=\"noreferrer noopener\" href=\"https:\/\/bibliobelas.eba.ufmg.br\/wp-content\/uploads\/2022\/10\/novas_aquisicoes_set_2022.pdf\" target=\"_blank\">Setembro<\/a><\/p>\n\n\n\n<p><a rel=\"noreferrer noopener\" href=\"https:\/\/bibliobelas.eba.ufmg.br\/wp-content\/uploads\/2022\/11\/novas_aquisicoes_out_2022.pdf\" target=\"_blank\">Outubro<\/a><\/p>\n\n\n\n<p><a rel=\"noreferrer noopener\" href=\"https:\/\/bibliobelas.eba.ufmg.br\/wp-content\/uploads\/2022\/12\/novas_aquisicoes_nov._2022.pdf\" target=\"_blank\">Novembro<\/a><\/p>\n\n\n\n<p><a rel=\"noreferrer noopener\" href=\"https:\/\/bibliobelas.eba.ufmg.br\/wp-content\/uploads\/2023\/01\/novas_aquisicoes_dez._2022.pdf\" target=\"_blank\">Dezembro<\/a><\/p>\n","protected":false},"excerpt":{"rendered":"<p>Aquisi\u00e7\u00f5es de 2022: Janeiro Fevereiro Mar\u00e7o Abril Maio Junho Julho Agosto Setembro Outubro Novembro Dezembro<\/p>\n","protected":false},"author":1,"featured_media":0,"parent":495,"menu_order":97,"comment_status":"closed","ping_status":"closed","template":"","meta":{"footnotes":""},"class_list":["post-6538","page","type-page","status-publish","hentry"],"_links":{"self":[{"href":"https:\/\/bibliobelas.eba.ufmg.br\/index.php\/wp-json\/wp\/v2\/pages\/6538","targetHints":{"allow":["GET"]}}],"collection":[{"href":"https:\/\/bibliobelas.eba.ufmg.br\/index.php\/wp-json\/wp\/v2\/pages"}],"about":[{"href":"https:\/\/bibliobelas.eba.ufmg.br\/index.php\/wp-json\/wp\/v2\/types\/page"}],"author":[{"embeddable":true,"href":"https:\/\/bibliobelas.eba.ufmg.br\/index.php\/wp-json\/wp\/v2\/users\/1"}],"replies":[{"embeddable":true,"href":"https:\/\/bibliobelas.eba.ufmg.br\/index.php\/wp-json\/wp\/v2\/comments?post=6538"}],"version-history":[{"count":8,"href":"https:\/\/bibliobelas.eba.ufmg.br\/index.php\/wp-json\/wp\/v2\/pages\/6538\/revisions"}],"predecessor-version":[{"id":7635,"href":"https:\/\/bibliobelas.eba.ufmg.br\/index.php\/wp-json\/wp\/v2\/pages\/6538\/revisions\/7635"}],"up":[{"embeddable":true,"href":"https:\/\/bibliobelas.eba.ufmg.br\/index.php\/wp-json\/wp\/v2\/pages\/495"}],"wp:attachment":[{"href":"https:\/\/bibliobelas.eba.ufmg.br\/index.php\/wp-json\/wp\/v2\/media?parent=6538"}],"curies":[{"name":"wp","href":"https:\/\/api.w.org\/{rel}","templated":true}]}}