{"id":6820,"date":"2022-04-04T13:02:49","date_gmt":"2022-04-04T16:02:49","guid":{"rendered":"https:\/\/bibliobelas.wordpress.com\/?page_id=6820"},"modified":"2022-10-31T19:38:18","modified_gmt":"2022-10-31T22:38:18","slug":"conteudos-digitais-de-artes","status":"publish","type":"page","link":"https:\/\/bibliobelas.eba.ufmg.br\/index.php\/conteudos-digitais-de-artes\/","title":{"rendered":"Conte\u00fados Digitais de Artes"},"content":{"rendered":"\n<p><\/p>\n\n\n\n<p><a href=\"https:\/\/bibliobelas.eba.ufmg.br\/index.php\/conteudos-digitais-de-artes\/links-interessantes\/\"><strong>LINKS \/ CURSO<\/strong><\/a><\/p>\n\n\n\n<hr class=\"wp-block-separator has-alpha-channel-opacity\"\/>\n\n\n\n<p><a href=\"https:\/\/bibliobelas.eba.ufmg.br\/index.php\/conteudos-digitais-de-artes\/acesso-ao-portal-de-periodicos-da-capes\/\"><strong>ACESSO AO PORTAL DE PERI\u00d3DICOS DA CAPES<\/strong><\/a><\/p>\n\n\n\n<hr class=\"wp-block-separator has-alpha-channel-opacity\"\/>\n\n\n\n<p><a href=\"https:\/\/bibliobelas.eba.ufmg.br\/index.php\/conteudos-digitais-de-artes\/publicacoes-on-line\/\"><strong>PUBLICA\u00c7\u00d5ES ON-LINE<\/strong><\/a><\/p>\n","protected":false},"excerpt":{"rendered":"<p>LINKS \/ CURSO ACESSO AO PORTAL DE PERI\u00d3DICOS DA CAPES PUBLICA\u00c7\u00d5ES ON-LINE<\/p>\n","protected":false},"author":1,"featured_media":0,"parent":0,"menu_order":7,"comment_status":"closed","ping_status":"closed","template":"","meta":{"footnotes":""},"class_list":["post-6820","page","type-page","status-publish","hentry"],"_links":{"self":[{"href":"https:\/\/bibliobelas.eba.ufmg.br\/index.php\/wp-json\/wp\/v2\/pages\/6820","targetHints":{"allow":["GET"]}}],"collection":[{"href":"https:\/\/bibliobelas.eba.ufmg.br\/index.php\/wp-json\/wp\/v2\/pages"}],"about":[{"href":"https:\/\/bibliobelas.eba.ufmg.br\/index.php\/wp-json\/wp\/v2\/types\/page"}],"author":[{"embeddable":true,"href":"https:\/\/bibliobelas.eba.ufmg.br\/index.php\/wp-json\/wp\/v2\/users\/1"}],"replies":[{"embeddable":true,"href":"https:\/\/bibliobelas.eba.ufmg.br\/index.php\/wp-json\/wp\/v2\/comments?post=6820"}],"version-history":[{"count":2,"href":"https:\/\/bibliobelas.eba.ufmg.br\/index.php\/wp-json\/wp\/v2\/pages\/6820\/revisions"}],"predecessor-version":[{"id":7504,"href":"https:\/\/bibliobelas.eba.ufmg.br\/index.php\/wp-json\/wp\/v2\/pages\/6820\/revisions\/7504"}],"wp:attachment":[{"href":"https:\/\/bibliobelas.eba.ufmg.br\/index.php\/wp-json\/wp\/v2\/media?parent=6820"}],"curies":[{"name":"wp","href":"https:\/\/api.w.org\/{rel}","templated":true}]}}