{"id":78,"date":"2010-11-11T17:54:06","date_gmt":"2010-11-11T19:54:06","guid":{"rendered":"http:\/\/bibliobelas.wordpress.com\/"},"modified":"2025-03-10T17:29:31","modified_gmt":"2025-03-10T20:29:31","slug":"emprestimo-domiciliar","status":"publish","type":"page","link":"https:\/\/bibliobelas.eba.ufmg.br\/index.php\/servicos\/emprestimo-domiciliar\/","title":{"rendered":"Empr\u00e9stimo"},"content":{"rendered":"\n<p class=\"has-text-align-justify\">Esta p\u00e1gina ir\u00e1 tratar dos tipos de empr\u00e9stimo na biblioteca. Para maiores informa\u00e7\u00f5es sobre empr\u00e9stimo, consulte tamb\u00e9m&nbsp;<a href=\"https:\/\/bibliobelas.eba.ufmg.br\/index.php\/a-biblioteca\/regulamento\/\">o regulamento<\/a>.<\/p>\n\n\n\n<h3 class=\"wp-block-heading\">Empr\u00e9stimo Domiciliar<\/h3>\n\n\n\n<p class=\"has-text-align-justify\">Atrav\u00e9s da apresenta\u00e7\u00e3o da carteirinha de usu\u00e1rios, o empr\u00e9stimo domiciliar apresenta os seguintes prazos para a devolu\u00e7\u00e3o do material e o total de obras que poder\u00e3o ser emprestadas:<\/p>\n\n\n\n<ul class=\"wp-block-list\">\n<li>Professores e alunos de P\u00f3s-gradua\u00e7\u00e3o (28 dias de prazo para devolu\u00e7\u00e3o \/ 7 obras no total).<\/li>\n\n\n\n<li>Alunos de gradua\u00e7\u00e3o e outras categorias (14 dias de prazo para devolu\u00e7\u00e3o \/ 5 obras no total).<\/li>\n<\/ul>\n\n\n\n<p class=\"has-text-align-justify\">Todas as obras poder\u00e3o ser renovadas 10 vezes caso n\u00e3o haja reserva para o material. A renova\u00e7\u00e3o \u00e9 de total responsabilidade do usu\u00e1rio devendo ele efetuar a renova\u00e7\u00e3o pelo cat\u00e1logo on-line acess\u00edvel pelo site do <a href=\"http:\/\/webpergamum.adm-serv.ufmg.br\/pergamum\/biblioteca\/index.php?resolution2=1024_1\">Sistema de Bibliotecas<\/a> da UFMG ou diretamente no link dispon\u00edvel na parte inferior deste blog. No <a href=\"http:\/\/catalogobiblioteca.ufmg.br\/pergamum\/biblioteca\/index.php?resolution2=1024_1\" target=\"_blank\" rel=\"noopener\">Cat\u00e1logo on-line<\/a> clique em <a href=\"http:\/\/catalogobiblioteca.ufmg.br\/pergamum\/biblioteca_s\/php\/login_usu.php?flag=index.php\" target=\"_blank\" rel=\"noopener\">Acesso Usu\u00e1rio<\/a>, digite seu n\u00famero de usu\u00e1rio e sua senha da biblioteca e entre em sua \u00e1rea pessoal para fazer a renova\u00e7\u00e3o. A biblioteca tamb\u00e9m conta com terminais de consulta ao cat\u00e1logo onde o usu\u00e1rio poder\u00e1 efetuar a renova\u00e7\u00e3o. <span style=\"text-decoration: underline;\">Os livros que possuem reservas n\u00e3o podem ser renovados e devem ser devolvidos<\/span>.<\/p>\n\n\n\n<p class=\"has-text-align-justify\">Para obras que n\u00e3o possuem o empr\u00e9stimo domiciliar, verifique na biblioteca da EBA a possibilidade do empr\u00e9stimo por 2 horas ou para a sala de aula.<\/p>\n\n\n\n<h3 class=\"wp-block-heading\">Empr\u00e9stimo entre Bibliotecas<\/h3>\n\n\n\n<p class=\"has-text-align-justify\">Atrav\u00e9s de cadastro espec\u00edfico, alunos da UFMG poder\u00e3o ter acesso ao empr\u00e9stimo de materiais de outras Institui\u00e7\u00f5es de Ensino Superior assim como alunos de outras Institui\u00e7\u00f5es de Ensino Superior poder\u00e3o realizar empr\u00e9stimos de materiais nas bibliotecas da UFMG.<\/p>\n\n\n\n<ul class=\"wp-block-list\">\n<li>\n<div style=\"text-align: left;\">Consulte as <a href=\"https:\/\/www.bu.ufmg.br\/bu\/index.php\/produtos-e-servicos-2\/emprestimo-entre-bibliotecas\" target=\"_blank\" rel=\"noopener\">normas, procedimentos e institui\u00e7\u00f5es cadastradas<\/a><\/div>\n<\/li>\n\n\n\n<li> <div style=\"text-align: left;\">O prazo para devolu\u00e7\u00e3o do empr\u00e9stimo entre bibliotecas \u00e9 de 10 dias.<\/div> <\/li>\n<\/ul>\n\n\n\n<h3 class=\"wp-block-heading\">Empr\u00e9stimo Especial<\/h3>\n\n\n\n<p class=\"has-text-align-justify\">Cada biblioteca poder\u00e1 realizar o empr\u00e9stimo com dura\u00e7\u00e3o diferenciada para as obras mais procuradas. No caso da Biblioteca de Belas Artes, \u00e9 poss\u00edvel pegar at\u00e9 10 obras nessa modalidade por duas horas, ou o per\u00edodo da aula ou a dura\u00e7\u00e3o da obra &#8211; no caso de materiais audiovisuais.<\/p>\n\n\n\n<h3 class=\"wp-block-heading\">EMPR\u00c9STIMO OVERNIGHT<\/h3>\n\n\n\n<p>\u00c9 uma modalidade do empr\u00e9stimo especial. At\u00e9 duas horas antes do fechamento da biblioteca o usu\u00e1rio poder\u00e1 solicitar fazer o empr\u00e9stimo de obras a serem devolvidas no pr\u00f3ximo dia \u00fatil subsequente de funcionamento da biblioteca. Esta modalidade \u00e9 especialmente \u00fatil em casos de feriado e\/ou finais de semana.<\/p>\n\n\n\n<h3 class=\"wp-block-heading\">Empr\u00e9stimo R\u00e1pido<\/h3>\n\n\n\n<p class=\"has-text-align-justify\">Permite a retirada do material da biblioteca por duas horas pelos usu\u00e1rios sem v\u00ednculo com a UFMG. O empr\u00e9stimo \u00e9 realizado mediante preenchimento de formul\u00e1rio e a reten\u00e7\u00e3o do documento de identidade durante o per\u00edodo do empr\u00e9stimo. &nbsp;Nesta modalidade tamb\u00e9m corre multa e \u00e9 contabilizada por hora para cada obra.<\/p>\n\n\n\n<h3 class=\"wp-block-heading\">Solicita\u00e7\u00e3o de material de outros campi<\/h3>\n\n\n\n<p class=\"has-text-align-justify\">\u00c9 permitido ao usu\u00e1rio solicitar, na biblioteca de sua Unidade, o recebimento de obras localizadas em outros campi. O pedido est\u00e1 sujeito \u00e0 disponibilidade da obra.<\/p>\n\n\n\n<div data-wp-interactive=\"core\/file\" class=\"wp-block-file\"><object data-wp-bind--hidden=\"!state.hasPdfPreview\" hidden class=\"wp-block-file__embed\" data=\"https:\/\/bibliobelas.eba.ufmg.br\/wp-content\/uploads\/2022\/04\/tutorial-para-renovacao-de-materiais-emprestados.pdf\" type=\"application\/pdf\" style=\"width:100%;height:600px\" aria-label=\"Incorporado de tutorial-para-renovacao-de-materiais-emprestados.\"><\/object><a id=\"wp-block-file--media-db94816d-aec0-45aa-b39a-b67d9ea439cc\" href=\"https:\/\/bibliobelas.eba.ufmg.br\/wp-content\/uploads\/2022\/04\/tutorial-para-renovacao-de-materiais-emprestados.pdf\">tutorial-para-renovacao-de-materiais-emprestados<\/a><a href=\"https:\/\/bibliobelas.eba.ufmg.br\/wp-content\/uploads\/2022\/04\/tutorial-para-renovacao-de-materiais-emprestados.pdf\" class=\"wp-block-file__button wp-element-button\" download aria-describedby=\"wp-block-file--media-db94816d-aec0-45aa-b39a-b67d9ea439cc\">Baixar<\/a><\/div>\n\n\n\n<div data-wp-interactive=\"core\/file\" class=\"wp-block-file\"><object data-wp-bind--hidden=\"!state.hasPdfPreview\" hidden class=\"wp-block-file__embed\" data=\"https:\/\/bibliobelas.eba.ufmg.br\/wp-content\/uploads\/2022\/04\/tutorial-para-reserva-de-material.pdf\" type=\"application\/pdf\" style=\"width:100%;height:600px\" aria-label=\"Incorporado de tutorial-para-reserva-de-material.\"><\/object><a id=\"wp-block-file--media-e51f0550-2876-4c80-95d9-954ef124071a\" href=\"https:\/\/bibliobelas.eba.ufmg.br\/wp-content\/uploads\/2022\/04\/tutorial-para-reserva-de-material.pdf\">tutorial-para-reserva-de-material<\/a><a href=\"https:\/\/bibliobelas.eba.ufmg.br\/wp-content\/uploads\/2022\/04\/tutorial-para-reserva-de-material.pdf\" class=\"wp-block-file__button wp-element-button\" download aria-describedby=\"wp-block-file--media-e51f0550-2876-4c80-95d9-954ef124071a\">Baixar<\/a><\/div>\n","protected":false},"excerpt":{"rendered":"<p>Esta p\u00e1gina ir\u00e1 tratar dos tipos de empr\u00e9stimo na biblioteca. Para maiores informa\u00e7\u00f5es sobre empr\u00e9stimo, consulte tamb\u00e9m&nbsp;o regulamento. Empr\u00e9stimo Domiciliar Atrav\u00e9s da apresenta\u00e7\u00e3o da carteirinha de usu\u00e1rios, o empr\u00e9stimo domiciliar apresenta os seguintes prazos para a devolu\u00e7\u00e3o do material e o total de obras que poder\u00e3o ser emprestadas: Todas as obras poder\u00e3o ser renovadas 10 &hellip; <a href=\"https:\/\/bibliobelas.eba.ufmg.br\/index.php\/servicos\/emprestimo-domiciliar\/\" class=\"more-link\">Continue lendo <span class=\"screen-reader-text\">Empr\u00e9stimo<\/span> <span class=\"meta-nav\">&rarr;<\/span><\/a><\/p>\n","protected":false},"author":1,"featured_media":0,"parent":36,"menu_order":0,"comment_status":"closed","ping_status":"open","template":"","meta":{"footnotes":""},"class_list":["post-78","page","type-page","status-publish","hentry"],"_links":{"self":[{"href":"https:\/\/bibliobelas.eba.ufmg.br\/index.php\/wp-json\/wp\/v2\/pages\/78","targetHints":{"allow":["GET"]}}],"collection":[{"href":"https:\/\/bibliobelas.eba.ufmg.br\/index.php\/wp-json\/wp\/v2\/pages"}],"about":[{"href":"https:\/\/bibliobelas.eba.ufmg.br\/index.php\/wp-json\/wp\/v2\/types\/page"}],"author":[{"embeddable":true,"href":"https:\/\/bibliobelas.eba.ufmg.br\/index.php\/wp-json\/wp\/v2\/users\/1"}],"replies":[{"embeddable":true,"href":"https:\/\/bibliobelas.eba.ufmg.br\/index.php\/wp-json\/wp\/v2\/comments?post=78"}],"version-history":[{"count":3,"href":"https:\/\/bibliobelas.eba.ufmg.br\/index.php\/wp-json\/wp\/v2\/pages\/78\/revisions"}],"predecessor-version":[{"id":8070,"href":"https:\/\/bibliobelas.eba.ufmg.br\/index.php\/wp-json\/wp\/v2\/pages\/78\/revisions\/8070"}],"up":[{"embeddable":true,"href":"https:\/\/bibliobelas.eba.ufmg.br\/index.php\/wp-json\/wp\/v2\/pages\/36"}],"wp:attachment":[{"href":"https:\/\/bibliobelas.eba.ufmg.br\/index.php\/wp-json\/wp\/v2\/media?parent=78"}],"curies":[{"name":"wp","href":"https:\/\/api.w.org\/{rel}","templated":true}]}}