{"id":93,"date":"2010-11-11T18:09:40","date_gmt":"2010-11-11T20:09:40","guid":{"rendered":"http:\/\/bibliobelas.wordpress.com\/"},"modified":"2023-05-26T11:57:41","modified_gmt":"2023-05-26T14:57:41","slug":"orientacao-de-norm7alizacao-bibliografica","status":"publish","type":"page","link":"https:\/\/bibliobelas.eba.ufmg.br\/index.php\/servicos\/orientacao-de-norm7alizacao-bibliografica\/","title":{"rendered":"Elabora\u00e7\u00e3o de Ficha Catalogr\u00e1fica"},"content":{"rendered":"\n<p>O Setor de Refer\u00eancia da biblioteca elabora as fichas catalogr\u00e1ficas das teses e disserta\u00e7\u00f5es defendidas no Programa de P\u00f3s-gradua\u00e7\u00e3o em Artes da EBA. O prazo para a entrega da ficha ao solicitante \u00e9 de at\u00e9 5 (cinco) dias \u00fateis.<\/p>\n\n\n\n<p>Para solicitar a elabora\u00e7\u00e3o da ficha, o usu\u00e1rio dever\u00e1 fornecer os seguintes dados e envi\u00e1-los, conforme descrito abaixo:<\/p>\n\n\n\n<p><\/p>\n\n\n\n<figure class=\"wp-block-table\"><table><tbody><tr><td><em><span style=\"text-decoration: underline;\">Escrever no corpo do e-mail:<\/span><\/em><\/td><\/tr><tr><td>Nome completo:<\/td><\/tr><tr><td>Nome em cita\u00e7\u00f5es bibliogr\u00e1ficas:<\/td><\/tr><tr><td>Ano de nascimento:<\/td><\/tr><tr><td>Total de p\u00e1ginas (\u00faltima p\u00e1gina que aparece numerada):<\/td><\/tr><tr><td>Possui material adicional?<\/td><\/tr><tr><td>&#8211; se sim, qual? Folheto, CD, DVD, Folder etc.<\/td><\/tr><tr><td>O trabalho \u00e9 ilustrado, possui imagens?<\/td><\/tr><tr><td>Cite algumas palavras-chave referentes ao assunto do trabalho:<\/td><\/tr><tr><td>Ano de defesa:<\/td><\/tr><tr><td>A vers\u00e3o de exemplar impresso e encadernado (OPCIONAL) ser\u00e1 entregue? Sim ___ N\u00e3o___<\/td><\/tr><tr><td>Telefone fixo:<\/td><\/tr><tr><td>Telefone celular:<\/td><\/tr><tr><td><em><span style=\"text-decoration: underline;\">Anexar ao e-mail (num <strong>\u00fanico<\/strong> arquivo &#8211; doc, docx ou pdf) :<br><\/span><\/em><\/td><\/tr><tr><td>Tese, Disserta\u00e7\u00e3o ou Monografia de Especializa\u00e7\u00e3o<\/td><\/tr><tr><td><em><span style=\"text-decoration: underline;\">Enviar para:&nbsp;<\/span><\/em><\/td><\/tr><tr><td>bib-trabalhoacademico@eba.ufmg.br\n<p>&nbsp;<\/p>\n<p><strong>A\/C: Luciana de Oliveira (Bibliotec\u00e1ria)<\/strong><\/p>\n<\/td><\/tr><tr><td><em><span style=\"text-decoration: underline;\">Assunto do e-mail:<\/span><\/em><\/td><\/tr><tr><td>Elabora\u00e7\u00e3o de ficha catalogr\u00e1fica<\/td><\/tr><\/tbody><\/table><\/figure>\n","protected":false},"excerpt":{"rendered":"<p>O Setor de Refer\u00eancia da biblioteca elabora as fichas catalogr\u00e1ficas das teses e disserta\u00e7\u00f5es defendidas no Programa de P\u00f3s-gradua\u00e7\u00e3o em Artes da EBA. O prazo para a entrega da ficha ao solicitante \u00e9 de at\u00e9 5 (cinco) dias \u00fateis. Para solicitar a elabora\u00e7\u00e3o da ficha, o usu\u00e1rio dever\u00e1 fornecer os seguintes dados e envi\u00e1-los, conforme &hellip; <a href=\"https:\/\/bibliobelas.eba.ufmg.br\/index.php\/servicos\/orientacao-de-norm7alizacao-bibliografica\/\" class=\"more-link\">Continue lendo <span class=\"screen-reader-text\">Elabora\u00e7\u00e3o de Ficha Catalogr\u00e1fica<\/span> <span class=\"meta-nav\">&rarr;<\/span><\/a><\/p>\n","protected":false},"author":1,"featured_media":0,"parent":36,"menu_order":4,"comment_status":"closed","ping_status":"open","template":"","meta":{"footnotes":""},"class_list":["post-93","page","type-page","status-publish","hentry"],"_links":{"self":[{"href":"https:\/\/bibliobelas.eba.ufmg.br\/index.php\/wp-json\/wp\/v2\/pages\/93","targetHints":{"allow":["GET"]}}],"collection":[{"href":"https:\/\/bibliobelas.eba.ufmg.br\/index.php\/wp-json\/wp\/v2\/pages"}],"about":[{"href":"https:\/\/bibliobelas.eba.ufmg.br\/index.php\/wp-json\/wp\/v2\/types\/page"}],"author":[{"embeddable":true,"href":"https:\/\/bibliobelas.eba.ufmg.br\/index.php\/wp-json\/wp\/v2\/users\/1"}],"replies":[{"embeddable":true,"href":"https:\/\/bibliobelas.eba.ufmg.br\/index.php\/wp-json\/wp\/v2\/comments?post=93"}],"version-history":[{"count":2,"href":"https:\/\/bibliobelas.eba.ufmg.br\/index.php\/wp-json\/wp\/v2\/pages\/93\/revisions"}],"predecessor-version":[{"id":7764,"href":"https:\/\/bibliobelas.eba.ufmg.br\/index.php\/wp-json\/wp\/v2\/pages\/93\/revisions\/7764"}],"up":[{"embeddable":true,"href":"https:\/\/bibliobelas.eba.ufmg.br\/index.php\/wp-json\/wp\/v2\/pages\/36"}],"wp:attachment":[{"href":"https:\/\/bibliobelas.eba.ufmg.br\/index.php\/wp-json\/wp\/v2\/media?parent=93"}],"curies":[{"name":"wp","href":"https:\/\/api.w.org\/{rel}","templated":true}]}}

Elaboração de Ficha Catalográfica

<p>O Setor de Referência da biblioteca elabora as fichas catalográficas das teses e dissertações defendidas no Programa de Pós-graduação em Artes da EBA. O prazo para a entrega da ficha ao solicitante é de até 5 (cinco) dias úteis.</p>



<p>Para solicitar a elaboração da ficha, o usuário deverá fornecer os seguintes dados e enviá-los, conforme descrito abaixo:</p>



<p></p>



<figure class="wp-block-table"><table><tbody><tr><td><em><span style="text-decoration: underline;">Escrever no corpo do e-mail:</span></em></td></tr><tr><td>Nome completo:</td></tr><tr><td>Nome em citações bibliográficas:</td></tr><tr><td>Ano de nascimento:</td></tr><tr><td>Total de páginas (última página que aparece numerada):</td></tr><tr><td>Possui material adicional?</td></tr><tr><td>&#8211; se sim, qual? Folheto, CD, DVD, Folder etc.</td></tr><tr><td>O trabalho é ilustrado, possui imagens?</td></tr><tr><td>Cite algumas palavras-chave referentes ao assunto do trabalho:</td></tr><tr><td>Ano de defesa:</td></tr><tr><td>A versão de exemplar impresso e encadernado (OPCIONAL) será entregue? Sim ___ Não___</td></tr><tr><td>Telefone fixo:</td></tr><tr><td>Telefone celular:</td></tr><tr><td><em><span style="text-decoration: underline;">Anexar ao e-mail (num <strong>único</strong> arquivo &#8211; doc, docx ou pdf) :<br></span></em></td></tr><tr><td>Tese, Dissertação ou Monografia de Especialização</td></tr><tr><td><em><span style="text-decoration: underline;">Enviar para:&nbsp;</span></em></td></tr><tr><td>bib-trabalhoacademico@eba.ufmg.br
<p>&nbsp;</p>
<p><strong>A/C: Luciana de Oliveira (Bibliotecária)</strong></p>
</td></tr><tr><td><em><span style="text-decoration: underline;">Assunto do e-mail:</span></em></td></tr><tr><td>Elaboração de ficha catalográfica</td></tr></tbody></table></figure>

<p>O Setor de Referência da biblioteca elabora as fichas catalográficas das teses e dissertações defendidas no Programa de Pós-graduação em Artes da EBA. O prazo para a entrega da ficha ao solicitante é de até 5 (cinco) dias úteis. Para solicitar a elaboração da ficha, o usuário deverá fornecer os seguintes dados e enviá-los, conforme &hellip; <a href="https://bibliobelas.eba.ufmg.br/index.php/servicos/orientacao-de-norm7alizacao-bibliografica/" class="more-link">Continue lendo <span class="screen-reader-text">Elaboração de Ficha Catalográfica</span> <span class="meta-nav">&rarr;</span></a></p>
